{"id":1091,"date":"2026-01-16T14:32:28","date_gmt":"2026-01-16T13:32:28","guid":{"rendered":"https:\/\/cwmeknes.com\/product\/bicycle-gloves-yellow\/"},"modified":"2026-01-29T11:20:13","modified_gmt":"2026-01-29T10:20:13","slug":"bicycle-gloves-yellow","status":"publish","type":"product","link":"https:\/\/cwmeknes.com\/?product=bicycle-gloves-yellow","title":{"rendered":"HP ZBook Firefly 14 G7 I5 10th 16 GB RAM \/ 256GB SSD"},"content":{"rendered":"<p>HP ZBook Firefly 14 G7 \u2013 Mobile, l\u00e9ger et puissant pour les professionnels<\/p>\n<p>&#x1f539; Processeur : Intel Core i5 10\u1d49 g\u00e9n\u00e9ration (i5-10310U \u2013 vPro)<br \/>\n\u2022 Fr\u00e9quence de base : 1.70 GHz<br \/>\n\u2022 Turbo Boost jusqu\u2019\u00e0 4.4 GHz &#x26a1;<br \/>\n&#x1f539; M\u00e9moire RAM : 16 Go DDR4 \u2013 Id\u00e9al pour multit\u00e2che et logiciels pro l\u00e9gers<br \/>\n&#x1f539; Stockage : 256 Go SSD NVMe \u2013 D\u00e9marrage et chargement tr\u00e8s rapides<br \/>\n&#x1f539; Carte graphique : Intel UHD Graphics \u2013 Parfait pour bureautique et multim\u00e9dia<br \/>\n&#x1f539; \u00c9cran : 14\u2033 Full HD \u2013 Qualit\u00e9 d\u2019image nette et agr\u00e9able<br \/>\n&#x1f539; Clavier : R\u00e9tro\u00e9clair\u00e9 &#x1f4a1; \u2013 Confort d\u2019utilisation m\u00eame la nuit<br \/>\n&#x1f539; Batterie : Autonomie \u00e0 partir de 3 heures selon usage &#x1f50b;<br \/>\n&#x1f539; Connectivit\u00e9 :<br \/>\n\u2022 2 \u00d7 USB-C Thunderbolt<br \/>\n\u2022 USB 3.1<br \/>\n\u2022 HDMI<br \/>\n\u2022 Wi-Fi 6 &amp; Bluetooth<br \/>\n\u2022 Prise casque\/micro &#x1f3a7;<\/p>\n<p>&#x1f539; Syst\u00e8me d\u2019exploitation : Windows 11 Pro<br \/>\n&#x1f539; Poids : \u00b1 1.4 kg \u2013 L\u00e9ger, moderne et con\u00e7u pour mobilit\u00e9<\/p>\n<p>\u2e3b<br \/>\n&#x1f4b0; Prix : 3 400 DH<br \/>\n&#x1f4e6; Chargeur original inclus<br \/>\n&#x1f6e1;&#xfe0f; Garantie : 3 mois<\/p>\n<p>\u2e3b<br \/>\n&#x1f4de; Contact : 06 45 75 25 03 \/ 06 28 68 60 18<br \/>\n&#x1f4cd; Disponible imm\u00e9diatement \u2013 Livraison partout au Maroc<\/p>\n","protected":false},"excerpt":{"rendered":"<p>HP ZBook Firefly 14 G7 \u2013 Mobile, l\u00e9ger et puissant pour les professionnels<\/p>\n<p>&#x1f539; Processeur : Intel Core i5 10\u1d49 g\u00e9n\u00e9ration (i5-10310U \u2013 vPro)<br \/>\n\u2022 Fr\u00e9quence de base : 1.70 GHz<br \/>\n\u2022 Turbo Boost jusqu\u2019\u00e0 4.4 GHz &#x26a1;<br \/>\n&#x1f539; M\u00e9moire RAM : 16 Go DDR4 \u2013 Id\u00e9al pour multit\u00e2che et logiciels pro l\u00e9gers<br \/>\n&#x1f539; Stockage : 256 Go SSD NVMe \u2013 D\u00e9marrage et chargement tr\u00e8s rapides<br \/>\n&#x1f539; Carte graphique : Intel UHD Graphics \u2013 Parfait pour bureautique et multim\u00e9dia<br \/>\n&#x1f539; \u00c9cran : 14\u2033 Full HD \u2013 Qualit\u00e9 d\u2019image nette et agr\u00e9able<\/p>\n","protected":false},"featured_media":3029,"comment_status":"open","ping_status":"closed","template":"","meta":[],"product_brand":[168],"product_cat":[140],"product_tag":[],"class_list":{"0":"post-1091","1":"product","2":"type-product","3":"status-publish","4":"has-post-thumbnail","6":"product_brand-hp","7":"product_cat-pc-portable","9":"first","10":"instock","11":"taxable","12":"shipping-taxable","13":"purchasable","14":"product-type-simple"},"_links":{"self":[{"href":"https:\/\/cwmeknes.com\/index.php?rest_route=\/wp\/v2\/product\/1091","targetHints":{"allow":["GET"]}}],"collection":[{"href":"https:\/\/cwmeknes.com\/index.php?rest_route=\/wp\/v2\/product"}],"about":[{"href":"https:\/\/cwmeknes.com\/index.php?rest_route=\/wp\/v2\/types\/product"}],"replies":[{"embeddable":true,"href":"https:\/\/cwmeknes.com\/index.php?rest_route=%2Fwp%2Fv2%2Fcomments&post=1091"}],"wp:featuredmedia":[{"embeddable":true,"href":"https:\/\/cwmeknes.com\/index.php?rest_route=\/wp\/v2\/media\/3029"}],"wp:attachment":[{"href":"https:\/\/cwmeknes.com\/index.php?rest_route=%2Fwp%2Fv2%2Fmedia&parent=1091"}],"wp:term":[{"taxonomy":"product_brand","embeddable":true,"href":"https:\/\/cwmeknes.com\/index.php?rest_route=%2Fwp%2Fv2%2Fproduct_brand&post=1091"},{"taxonomy":"product_cat","embeddable":true,"href":"https:\/\/cwmeknes.com\/index.php?rest_route=%2Fwp%2Fv2%2Fproduct_cat&post=1091"},{"taxonomy":"product_tag","embeddable":true,"href":"https:\/\/cwmeknes.com\/index.php?rest_route=%2Fwp%2Fv2%2Fproduct_tag&post=1091"}],"curies":[{"name":"wp","href":"https:\/\/api.w.org\/{rel}","templated":true}]}}