{"id":2635,"date":"2026-01-13T22:33:28","date_gmt":"2026-01-13T22:33:28","guid":{"rendered":"https:\/\/cwmeknes.com\/?post_type=product&#038;p=2635"},"modified":"2026-01-14T17:51:59","modified_gmt":"2026-01-14T16:51:59","slug":"hp-elitebook-840-g8","status":"publish","type":"product","link":"https:\/\/cwmeknes.com\/?product=hp-elitebook-840-g8","title":{"rendered":"HP EliteBook 840 G8"},"content":{"rendered":"<h3>HP EliteBook 840 G8 Core i5\u00a0<strong>(11\u00e8me g\u00e9n\u00e9ration)\u00a0<\/strong><strong>\u00a0 \u00a0<\/strong><\/h3>\n<ul>\n<li>Nom :\u00a0<strong>HP EliteBook 840 G8<\/strong><\/li>\n<li>Processeur :\u00a0<strong>Intel Core i5-1145 @ 2,60 GHz \u00a0(11\u00e8me g\u00e9n\u00e9ration)\u00a0<\/strong><strong>\u00a0 \u00a0\u00a0<\/strong><\/li>\n<li><strong>( 4 Coeurs \/ 8 Threads )<\/strong><\/li>\n<li>Vitesse maximale en mode Turbo :<strong>@<\/strong>\u00a0<strong>4.40 GHz\u00a0<\/strong><img fetchpriority=\"high\" decoding=\"async\" class=\"alignright lazy loaded\" src=\"https:\/\/www.electrozenata.ma\/wp-content\/uploads\/2022\/09\/HP-EliteBook-840-G8-5.webp\" alt=\"HP EliteBook 840 G8 Intel\u00ae Core&#x2122; i5-1145G7 16Go 256 SSD 14&quot;\" width=\"479\" height=\"479\" data-src=\"https:\/\/www.electrozenata.ma\/wp-content\/uploads\/2022\/09\/HP-EliteBook-840-G8-5.webp\" data-was-processed=\"true\" \/><\/li>\n<li>RAM :\u00a0<strong>16<\/strong><strong>Go DDR4<\/strong><\/li>\n<li>Disque Dur :<strong>\u00a0256Go SSD NVMe<\/strong><\/li>\n<li>\u00c9cran :\u00a0<strong>IPS<\/strong>\u00a0<strong>14\u2033 Full HD\u00a0<\/strong><\/li>\n<li>Carte Graphique\u00a0 :\u00a0<strong>Intel\u00ae Iris\u00ae X\u1d49 Graphics<\/strong><\/li>\n<li>OS :\u00a0<strong>Windows 11 Pro\u00a0<\/strong><\/li>\n<li>Webcam int\u00e9gr\u00e9e :<strong>\u00a0oui HD<\/strong><\/li>\n<li>Son : Haut-parleurs st\u00e9r\u00e9o , microphone st\u00e9r\u00e9o<\/li>\n<li>Sans fil : WiFi \/ Bluetooth 4.0<\/li>\n<li>Interface r\u00e9seau : Gigabit Ethernet<\/li>\n<li><strong>Ports :\u00a0<\/strong>1 port audio universel, 2 ports Thunderbolt&#x2122;, 2 SuperSpeed USB Type-A, HDMI, USB 3.2 Gen 1 avec PowerShare, USB-C 3.2 Gen 2<\/li>\n<\/ul>\n<p><strong>\u00a0 \u00a0 \u00a0 \u00a0 Contenu du paquet<\/strong>\u00a0:<\/p>\n<ul>\n<li>\u00a01x PC Portable<\/li>\n<li>\u00a01x Chargeur d\u2019alimentation<\/li>\n<li>Attestation De Garantie<\/li>\n<\/ul>\n<p>&nbsp;<\/p>\n<ul>\n<li><strong>Etat : Remis \u00e0 neuf\u00a0<\/strong><\/li>\n<li><strong>Garantie : 6 Mois\u00a0<\/strong><img decoding=\"async\" class=\"alignnone size-medium wp-image-2636\" src=\"http:\/\/cwmeknes.com\/wp-content\/uploads\/2026\/01\/hp-elitebook-840-g8-intel-core-i5-1145g7-16-go-ddr4-256ssd-26d60av-bon-prix-maroc-casa-rabat-tanger-maxfor-systeme-1-300x300.webp\" alt=\"\" width=\"300\" height=\"300\" \/><\/li>\n<\/ul>\n","protected":false},"excerpt":{"rendered":"<p>HP EliteBook 840 G8 Core i5\u00a0(11\u00e8me g\u00e9n\u00e9ration)\u00a0\u00a0 \u00a0 Nom :\u00a0HP EliteBook 840 G8 Processeur :\u00a0Intel Core i5-1145 @ 2,60 GHz \u00a0(11\u00e8me g\u00e9n\u00e9ration)\u00a0\u00a0 \u00a0\u00a0 ( 4 Coeurs \/ 8 Threads ) Vitesse maximale en mode Turbo :@\u00a04.40 GHz\u00a0 RAM :\u00a016Go DDR4 Disque Dur :\u00a0256Go SSD NVMe \u00c9cran :\u00a0IPS\u00a014\u2033 Full HD\u00a0 Carte Graphique\u00a0 :\u00a0Intel\u00ae Iris\u00ae X\u1d49 Graphics<\/p>\n<div class=\"klb-readmore entry-button\"><a class=\"btn read-more\" href=\"https:\/\/cwmeknes.com\/?product=hp-elitebook-840-g8\">Read More<\/a><\/div>\n","protected":false},"featured_media":2696,"comment_status":"open","ping_status":"closed","template":"","meta":[],"product_brand":[],"product_cat":[16],"product_tag":[],"class_list":{"0":"post-2635","1":"product","2":"type-product","3":"status-publish","4":"has-post-thumbnail","6":"product_cat-uncategorized","8":"first","9":"instock","10":"taxable","11":"shipping-taxable","12":"product-type-simple"},"_links":{"self":[{"href":"https:\/\/cwmeknes.com\/index.php?rest_route=\/wp\/v2\/product\/2635","targetHints":{"allow":["GET"]}}],"collection":[{"href":"https:\/\/cwmeknes.com\/index.php?rest_route=\/wp\/v2\/product"}],"about":[{"href":"https:\/\/cwmeknes.com\/index.php?rest_route=\/wp\/v2\/types\/product"}],"replies":[{"embeddable":true,"href":"https:\/\/cwmeknes.com\/index.php?rest_route=%2Fwp%2Fv2%2Fcomments&post=2635"}],"wp:featuredmedia":[{"embeddable":true,"href":"https:\/\/cwmeknes.com\/index.php?rest_route=\/wp\/v2\/media\/2696"}],"wp:attachment":[{"href":"https:\/\/cwmeknes.com\/index.php?rest_route=%2Fwp%2Fv2%2Fmedia&parent=2635"}],"wp:term":[{"taxonomy":"product_brand","embeddable":true,"href":"https:\/\/cwmeknes.com\/index.php?rest_route=%2Fwp%2Fv2%2Fproduct_brand&post=2635"},{"taxonomy":"product_cat","embeddable":true,"href":"https:\/\/cwmeknes.com\/index.php?rest_route=%2Fwp%2Fv2%2Fproduct_cat&post=2635"},{"taxonomy":"product_tag","embeddable":true,"href":"https:\/\/cwmeknes.com\/index.php?rest_route=%2Fwp%2Fv2%2Fproduct_tag&post=2635"}],"curies":[{"name":"wp","href":"https:\/\/api.w.org\/{rel}","templated":true}]}}